 - 3. Let u be n(-3). Suppose -76 = 2*c - u*c. Calculate the highest common factor of c and 209.
19
Suppose -3*u = 2*p - 71, -5*p = 19 + 6. Let w = 0 - -4. Suppose w*r - 36 = 2*r. What is the highest common factor of u and r?
9
Suppose g = 4*j - 22, -4*j + g = 5*g - 12. Calculate the highest common divisor of j and 40.
5
Suppose -92 = 2*o - 6*o. Let d = 43 - o. What is the highest common divisor of d and 160?
20
Let r(g) = g**2 + 3*g + 3. Suppose -6 = d + 2*d. Let f be r(d). Let q(l) = 2*l**3 - l**2. Let p be q(f). Calculate the greatest common factor of 9 and p.
1
Suppose b - 10 = -5. Let x be 1 - (3 - (51 + -1)). Suppose 4*h + 16 = -2*w + x, 33 = b*h - w. Calculate the highest common divisor of h and 14.
7
Let s(n) be the first derivative of n**2/2 + 7*n - 2. Let w = -11 - -6. Let k be s(w). What is the greatest common factor of 2 and k?
2
Let w = -711 + 387. Let q be (2/(-6))/(4/w). What is the highest common divisor of q and 135?
27
Let p = 6 + 6. Suppose -m = -4*k + 3 + 1, 0 = -4*k + 5*m - p. Suppose -j - 9 = -4*u, -k*u - 3*j - 13 = -7*u. Calculate the greatest common factor of 4 and u.
2
Let g(v) = v**2 - 6*v. Let w be g(7). Suppose -4*a - 432 = -w*a. Let s(x) = 4*x**2 + 7*x + 1. Let j be s(-3). Calculate the greatest common factor of a and j.
16
Let b(n) = -n**3 + 13*n**2 - 5*n + 12. Let m be b(12). What is the highest common factor of 12 and m?
12
Suppose -2*q = -2*n + 60 + 32, -2*n = -5*q - 80. What is the greatest common divisor of 75 and n?
25
Let u(w) = 42*w. Let x be u(2). Suppose 3*y + 33 = 129. Suppose 2*f + 2*b - 24 = 0, -5*b - y - 16 = -4*f. What is the highest common divisor of f and x?
12
Suppose -l = l - 22. Let s = l - -6. Let x = -13 - -64. Calculate the highest common factor of s and x.
17
Let r be (0 - (-7 - 2)) + -2. Let c be 2 - (2*(-4 - -2) - -5). Calculate the greatest common divisor of c and r.
1
Suppose 0 = -3*v - 2 + 5. Suppose 3*s - 8 = -41. Let t be 12 + v - (s + 13). What is the highest common divisor of t and 33?
11
Let w(k) = 2*k**3 + 8*k**2 + 3*k - 6. Let j be w(-5). Let r = j - -131. Let b be 82/7 + 8/28. Calculate the highest common divisor of b and r.
12
Let v = 5 - 5. Suppose v*m - 72 = -2*m. Calculate the greatest common divisor of 24 and m.
12
Let t(o) = -29*o. Let y be t(-2). Suppose -2*h = -y - 8. Suppose 12 = 5*i - h. Calculate the highest common divisor of i and 27.
9
Let s = 12 - 7. Let n(u) = -2*u**3 - 4*u**2 - u + 4. Let i be n(-3). Calculate the greatest common divisor of s and i.
5
Let c = -112 - -114. Calculate the greatest common divisor of 7 and c.
1
Let w = 0 - 0. Suppose g + 4*g = w. Let x be (1 + -2)*(g + -24). What is the greatest common factor of x and 6?
6
Suppose 47 - 17 = 5*b + 5*c, 2*b + 3*c = 13. Suppose 64 = -k + b*k. What is the highest common factor of 64 and k?
16
Let s(f) = 17*f - 2. Let v be s(6). Let i = -10 + 30. What is the greatest common divisor of v and i?
20
Let x(o) = 6*o + 17. Let z be x(8). What is the highest common factor of z and 26?
13
Suppose 0 = 3*t + 3*s - 12, -5*t - 2*s + 11 = -0*s. Suppose -2*f + 3*f - 5 = 0. Let v = f + 3. What is the highest common factor of v and t?
1
Suppose -o - 8 = o. Let x be o/18 - (-724)/18. What is the greatest common divisor of x and 4?
4
Let y(w) = w + 65. Let b be y(0). Let a = b - 41. Calculate the greatest common factor of 16 and a.
8
Let l(z) = -z**3 + 6*z**2 - 22*z + 77. Let p be l(4). Suppose 19 = o + 5. Let q be (1 - 4)*o/(-6). Calculate the highest common factor of q and p.
7
Suppose 0 = 4*h, 4*h = -0*u - 4*u - 180. Let l be u/2 - 1/2. Let y = 53 + l. What is the highest common factor of 6 and y?
6
Let g be (1*3)/(6/4). Suppose -3*n + 2 = g*n - u, 0 = -n + 4*u - 11. Let y be 15/((n - 4)/(-3)). What is the highest common divisor of y and 45?
15
Suppose 10 + 5 = 5*x. Suppose w - x = 4*g, 0*w - w - g + 18 = 0. Calculate the greatest common factor of w and 3.
3
Suppose -28 = -h + 47. Let b = -56 - -86. Calculate the highest common factor of h and b.
15
Let g be 25/2 + (-2)/4. Let h = 18 + g. What is the highest common divisor of 15 and h?
15
Let v(p) = p**2 - 2*p + 1. Let r be v(2). Let s be (r + 24)*(-8)/(-5). Let o = 23 + s. What is the greatest common factor of 7 and o?
7
Let n(y) = y**2 - 4*y + 14. Let o be n(0). What is the highest common divisor of 126 and o?
14
Let p be (-267)/(-6) - (-6)/4. Suppose 0 = -3*w - z + p, -62 = w - 5*w - z. Calculate the greatest common factor of 64 and w.
16
Suppose 3*o = 4*x + 6, -30 = -4*o + x - 3*x. Calculate the greatest common factor of 9 and o.
3
Suppose 5*f + 5 = 0, -5*a - f + 7 = -57. Calculate the highest common divisor of a and 117.
13
Suppose -5*g + l + 9 = 0, 4*g - 3*l - 3 = 13. Calculate the highest common factor of 5 and g.
1
Let q = 14 + -10. Suppose -290 = -3*p - 4*j, -q*p - 3*j + 285 = -p. Let d be 8/4 + 6 - -2. Calculate the greatest common factor of d and p.
10
Let d = 1 + 2. Suppose 5 + 4 = d*o. Suppose -o*f = -21 - 6. What is the greatest common factor of 99 and f?
9
Suppose -3*n + p + 13 = -3, 5*n = 5*p + 10. What is the greatest common divisor of 21 and n?
7
Let l(h) = 2 + 1 + 3*h + 0*h**2 + h + h**2. Let w be l(-3). Suppose 0*j - 4*j + 8 = w. Calculate the greatest common divisor of 5 and j.
1
Suppose 5*h + 255 = 4*x, -4*h - 47 = -x + 25. Calculate the greatest common divisor of x and 30.
30
Let c = 17 - 4. What is the greatest common factor of c and 91?
13
Let t = 2 + 8. What is the highest common divisor of 10 and t?
10
Suppose -5*d + 27 + 43 = -5*n, 4*d + 3*n - 42 = 0. Calculate the greatest common factor of d and 108.
12
Suppose 0 = 2*q + 7 - 39. Let s be (-4)/10 - (-48)/20 - 0. Calculate the highest common factor of q and s.
2
Let r(u) = 16*u**2 - u + 1. Suppose -6 = -4*l + 2. Let o be r(l). Let w be (0 + -1)/((-2)/18). What is the greatest common factor of w and o?
9
Let r(w) = -w**2 + 20*w + 63. Let d be r(18). Suppose 2*g + 55 = 7*g. Calculate the greatest common divisor of d and g.
11
Let c = 43 - 15. What is the greatest common divisor of c and 196?
28
Suppose -128 = -6*w + 208. Calculate the highest common divisor of 280 and w.
56
Suppose 1 + 0 = h. Let y(k) = k**2 - k + 3 - 4 + h + 1. Let x be y(0). What is the greatest common factor of x and 2?
1
Suppose 7*k - 2*l = 4*k + 24, k - 1 = 3*l. What is the highest common divisor of k and 50?
10
Suppose -5*i + 2 = -n + 97, -3*i = 15. Suppose -5*t - 15 = 0, 5*k + 4*t = 93 + 35. What is the greatest common factor of k and n?
14
Let h(w) be the third derivative of -w**4/24 + 8*w**3/3 - w**2. Let m be h(0). Suppose 0*s - 5*s = -80. What is the highest common divisor of s and m?
16
Suppose 2*r = -0*r + 12. Let b be 142/16 + (-7)/(-56). Suppose -5*n + b = -r. What is the greatest common divisor of 6 and n?
3
Let y be 12/(-7)*(-14 + 7). Calculate the highest common factor of y and 24.
12
Suppose 175 = 3*x + 4*x. Calculate the highest common factor of x and 25.
25
Let i(z) = 2*z**3 - z**2 + 2*z - 1. Let o = -3 - -4. Let s = o - -1. Let l be i(s). What is the greatest common factor of 3 and l?
3
Let g be (-720)/54*(-24)/10. Calculate the highest common factor of 80 and g.
16
Suppose -5*c - 3*k = -8*k - 75, 3*c + 3*k = 21. What is the highest common factor of c and 22?
11
Let t = 10 - 8. Suppose -8 - t = -u. What is the greatest common factor of u and 25?
5
Suppose 12 = 3*h + h. Let o(a) = 10*a**2 + a - 1. Let v be o(1). Suppose -v = 2*t - 28. Calculate the highest common factor of h and t.
3
Suppose -4*m + 7*m = 15. Let d(y) = 3*y**2 + 7*y. Let j be d(m). Let h be (-3 + 1)/(6/(-30)). Calculate the highest common divisor of j and h.
10
Suppose k - 38 = -u, 2*u = k - 9 - 14. What is the highest common factor of 22 and k?
11
Let c = -12 - -17. Calculate the highest common factor of c and 10.
5
Suppose 0*g + 3*g - 23 = 4*r, -2*r = 2*g + 8. What is the greatest common factor of 1 and g?
1
Suppose 4*g = l - 29, 10 + 5 = -5*g. Calculate the highest common factor of 17 and l.
17
Let b = 167 - -9. Calculate the greatest common factor of 11 and b.
11
Let v be -2*6/4 + 36. Suppose -3*c + 0*c = -v. What is the greatest common factor of 55 and c?
11
Let m(c) be the third derivative of c**5/60 + c**4/3 + c**3/6 + 4*c**2. Let r be m(-9). What is the greatest common divisor of r and 25?
5
Let i = 97 + -53. Let c = 7 - -11. Let